to base 12.
-456385
What is -923338 (base 11) in base 15?
-1e46ad
20212011112 (base 3) to base 8
407513
What is -b7b245 (base 12) in base 9?
-5412278
What is -100010001100111 (base 2) in base 3?
-220000120
138530a (base 11) to base 6
122553142
261536 (base 8) to base 13
32540
What is -2cab5 (base 13) in base 3?
-11100001011
What is -1111111100001010 (base 2) in base 8?
-177412
Convert -2332548 (base 10) to base 9.
-4344580
What is 18124a (base 11) in base 3?
112012211012
Convert 1322212423 (base 5) to base 9.
6218737
What is 10011011111010101001 (base 2) in base 7?
5266622
What is -30421 (base 9) in base 3?
-1000110201
Convert -7507a (base 12) to base 4.
-211210132
Convert 22414650 (base 7) to base 16.
1dcfb2
What is 1001110111011111001 (base 2) in base 12?
137135
Convert -8464 (base 14) to base 9.
-34270
Convert 59b67 (base 12) to base 9.
203747
Convert -15322611 (base 7) to base 6.
-51244143
-101020122 (base 3) to base 14
-2a17
What is -102740 (base 14) in base 11?
-3422a9
Convert -13310202 (base 4) to base 10.
-32034
-101011010101010111110 (base 2) to base 14
-28d6a2
Convert -5045333 (base 6) to base 4.
-322200321
Convert -21132133233 (base 4) to base 12.
-9b9753
What is 57574675 (base 8) in base 15?
117359d
Convert 207c60 (base 13) to base 12.
307a33
-102146771 (base 8) to base 4
-1002030313321
What is 518532 (base 10) in base 14?
d6d80
Convert 372843 (base 9) to base 4.
312333003
-21020211 (base 4) to base 10
-37413
What is -137561 (base 8) in base 7?
-262612
Convert 225a299 (base 11) to base 4.
33010313121
Convert -123212302020 (base 4) to base 3.
-111121122221120
-133403201 (base 6) to base 9
-5051581
-1100010100100011 (base 2) to base 13
-19c81
469d0e (base 15) to base 3
20100110000212
What is 12101202222 (base 3) in base 7?
621554
Convert 18331 (base 10) to base 13.
8461
Convert 80a1a5 (base 13) to base 7.
34302556
-12020101213 (base 4) to base 10
-1606759
-36113 (base 9) to base 16
-5e56
Convert 516912 (base 13) to base 15.
277d49
Convert 111204302 (base 6) to base 11.
116178a
What is e32e4 (base 15) in base 16?
afab3
What is -21010200111122 (base 3) in base 15?
-4edb1b
Convert -50223010 (base 6) to base 3.
-2200001210020
Convert -202214424 (base 5) to base 14.
-174b89
Convert -23647 (base 8) to base 3.
-111220222
What is 140202342 (base 5) in base 14?
146906
-713b63 (base 12) to base 15
-24e403
602530 (base 10) to base 3
1010121111221
-15105230 (base 8) to base 15
-4803bc
Convert -4a47556 (base 11) to base 15.
-b821d6
-153211255 (base 6) to base 9
-6072488
Convert -324404222 (base 6) to base 8.
-26142066
Convert 891867 (base 10) to base 9.
1608363
Convert 359b5 (base 13) to base 6.
2035133
5a62 (base 13) to base 7
52121
Convert 1b86b38 (base 12) to base 14.
ad8736
Convert a9900 (base 13) to base 10.
306904
Convert 1201101210002 (base 3) to base 4.
3132331331
100101011011100110 (base 2) to base 10
153318
-12300433 (base 5) to base 7
-1003361
Convert 652b2 (base 16) to base 7.
3344060
a22155 (base 11) to base 14
30a8b1
2101222011211 (base 3) to base 11
7a3862
Convert -1776b (base 13) to base 11.
-30a72
Convert 5555055 (base 6) to base 4.
1010103023
What is 13010233 (base 4) in base 16?
712f
Convert 7643 (base 13) to base 11.
113a3
102012112100100 (base 3) to base 16
5adca4
Convert -41024 (base 11) to base 3.
-10001012022
1655470 (base 8) to base 6
14155544
What is -1211113 (base 7) in base 6?
-3145134
Convert 711054 (base 9) to base 10.
420682
What is -1011001100010000100 (base 2) in base 8?
-1314204
What is -30012202 (base 4) in base 16?
-c1a2
Convert 16663562 (base 7) to base 12.
67466b
-535335 (base 6) to base 14
-12055
1619a3 (base 15) to base 11
66aa06
What is -10001000222220 (base 3) in base 8?
-6121614
Convert cc9a2 (base 14) to base 7.
4133362
2601bd (base 15) to base 5
431313103
What is -848112 (base 9) in base 4?
-1323023300
-33a064 (base 15) to base 9
-4564674
What is -29062 (base 16) in base 5?
-20334114
-2244356 (base 7) to base 3
-112020012012
Convert -412343002 (base 5) to base 16.
-19b29f
1010251442 (base 6) to base 11
594a75a
Convert 201212022102 (base 3) to base 13.
108c59
Convert 955928 (base 10) to base 5.
221042203
4222414 (base 5) to base 9
116456
Convert 1221103 (base 6) to base 11.
44971
-11101001001110110000 (base 2) to base 11
-5a2816
What is -54237 (base 10) in base 4?
-31033131
Convert -15410045 (base 7) to base 9.
-2707145
What is 68b401 (base 13) in base 2?
1001011101101111000010
Convert -20154200 (base 6) to base 8.
-2143130
What is -13968 (base 10) in base 8?
-33220
Convert 101011101010100101011 (base 2) to base 14.
29361d
What is 166531 (base 8) in base 15?
1300b
Convert 253150 (base 8) to base 15.
1ae8b
What is -86c1ab (base 16) in base 12?
-2b5a923
Convert -128123 (base 11) to base 2.
-110001000110100111
-104010400 (base 5) to base 6
-13421054
What is -3430277 (base 8) in base 3?
-1202020200211
221223110113 (base 4) to base 13
2356ac5
What is 99d1 (base 14) in base 6?
323203
What is -40eff6 (base 16) in base 7?
-51113250
Convert -131412544 (base 6) to base 10.
-2599120
723167 (base 10) to base 5
141120132
What is 1bb493 (base 13) in base 9?
1302463
110001000101100000 (base 2) to base 8
610540
cbb515 (base 14) to base 10
6907647
31216782 (base 9) to base 10
15010022
What is 1233332313 (base 4) in base 14?
bd22b
What is 10160 (base 7) in base 16?
9bc
-4760447 (base 8) to base 15
-1ab04d
What is -1053520 (base 8) in base 7?
-2263302
What is 665a36 (base 15) in base 12?
1773720
Convert 150463 (base 10) to base 12.
730a7
Convert -57989 (base 11) to base 8.
-243374
What is -2102102201 (base 3) in base 16?
-ba55
214773 (base 10) to base 15
43983
Convert 358767 (base 10) to base 7.
3022653
Convert -25102404 (base 6) to base 9.
-1451414
Convert -304122502 (base 6) to base 7.
-62336426
-3bb567b (base 12) to base 11
-681031a
What is -393246 (base 14) in base 11?
-1124572
What is 1120021020002 (base 3) in base 5?
203110303
Convert -10110111100010001100000 (base 2) to base 10.
-6014048
What is -37859 (base 11) in base 7?
-314141
What is -1110101101101100110 (base 2) in base 3?
-220111101102
Convert 1741b1 (base 13) to base 9.
1074041
-218023 (base 9) to base 16
-1fdd0
-16b733 (base 12) to base 11
-249549
Convert 65213334 (base 7) to base 2.
10101001111000011111111
1c519 (base 14) to base 13
26c12
512a561 (base 11) to base 12
3050348
-c435a (base 16) to base 14
-16cc54
41450 (base 12) to base 15
1a423
10aa28 (base 11) to base 13
61c0a
Convert -10032152 (base 8) to base 13.
-58b877
-4343226 (base 7) to base 3
-1000000110010
What is -b140 (base 14) in base 13?
-10b13
What is -43630 (base 10) in base 4?
-22221232
-10112022021111 (base 3) to base 9
-3468244
What is -917a328 (base 11) in base 10?
-16221290
2395673 (base 11) to base 12
148a715
1330212 (base 6) to base 13
27878
What is 10011110100011111010 (base 2) in base 10?
649466
What is 464933 (base 13) in base 6?
55421025
What is -2213231044 (base 5) in base 11?
-27a2a12
Convert 10506627 (base 9) to base 8.
23307733
Convert -dd305 (base 14) to base 5.
-114120143
What is -201001222 (base 3) in base 9?
-21058
What is -7a0076 (base 12) in base 7?
-22366005
Convert 18298 (base 13) to base 5.
2442400
What is 6611 (base 16) in base 7?
136115
-388458 (base 9) to base 7
-2001410
Convert -1110010100000010100 (base 2) to base 10.
-469012
-275ba (base 15) to base 14
-33da7
228075 (base 9) to base 12
67428
What is 73903 (base 13) in base 16?
32caa
Convert -100000101101000001 (base 2) to base 6.
-2512053
Convert 89091a (base 11) to base 8.
5327747
Convert 12303132 (base 5) to base 7.
1004266
What is 3a085a (base 11) in base 3?
1012001000102
Convert -c66087 (base 14) to base 13.
-1508090
What is -97023 (base 11) in base 12?
-697b3
What is -e20b3 (base 16) in base 8?
-3420263
Convert 451942 (base 16) to base 7.
53330323
5ee0d (base 15) to base 8
1120662
What is -101000000000111011001010 (base 2) in base 3?
-201201220221201
What is -8221122 (base 11) in base 9?
-30288025
What is -121310223 (base 4) in base 15?
-21516
What is 101131210133 (base 4) in base 6?
242040235
What is 4776593 (base 11) in base 3?
120122221110020
269844 (base 14) to base 4
11011103310
4132224432 (base 5) to base 16
8158c3
What is 11001011010001001001 (base 2) in base 6?
25502321
-1110000010110111010000 